-7) a prime number?
False
Suppose -5*c - 4*f = f + 40, 3*f = 4*c - 3. Let y be (0/c)/((-2)/(-1)). Suppose 5*j + y*j - 36 = h, -12 = -j + 5*h. Is j a composite number?
False
Suppose 2*z - 6 = 5*z, 4*j + 4*z + 4 = 0. Let o = j + -4. Let l(y) = -18*y - 3. Is l(o) a prime number?
False
Suppose 6 = -6*b + 9*b. Suppose 4*i = -k + 31, -79 = -b*k + 3*i + 16. Is k a composite number?
False
Suppose 5*b + 532 = o, -547 = 4*b + b + 4*o. Suppose -2*v = 3*v + 200. Let h = v - b. Is h prime?
True
Let z(t) = 14*t**3 + 2*t**2 - 1. Is z(3) a prime number?
False
Let f(q) = 273*q - 1. Is f(6) composite?
False
Let k = 1 - -4. Suppose -i + 8 = -r, 0*r = -k*i + 2*r + 55. Let x = -6 + i. Is x a prime number?
True
Suppose -4*w + 6*q = 3*q - 6661, 0 = 4*w - q - 6655. Is w composite?
False
Let o be 0/((-2 - -2) + -2). Suppose 3*q + 11 - 68 = o. Is q a prime number?
True
Let c(r) = r - 4. Let y be 1/4 + (-120)/(-32). Let p be c(y). Suppose p = -o + 2*q + 25, 32 = -4*o + 4*q + 148. Is o a prime number?
False
Suppose 0 = -c - 0*c + 557. Is c composite?
False
Let v(r) = -16*r + 1. Is v(-7) prime?
True
Let m(p) = -5*p**3 + 5*p + 4*p**3 + 2*p - 30 - 12*p**2 + 11. Is m(-13) a prime number?
True
Suppose h - 69 = 5*t + 329, -1860 = -5*h - t. Is h composite?
False
Is (-14)/21 + 2158/6 a prime number?
True
Let r be 297/(-2) - 3/6. Let v = -43 - r. Is v composite?
True
Let y = 195 - 104. Is y prime?
False
Let y be 120/(27/(-12) + 3). Suppose -c = -61 - y. Is c composite?
True
Suppose -m = -10*m + 2115. Is m composite?
True
Let i = -321 + 1349. Suppose 7*t - i = 3*t. Is t prime?
True
Is ((-2)/(-2))/1 + 18 a prime number?
True
Let g(u) = u**3 + 9*u**2 - 10*u + 2. Let b be g(-10). Let v be 57/b - (-2)/4. Suppose -5*x + v = i + 3*i, -2*i + 11 = -x. Is i a prime number?
False
Let r(l) = -l**3 - 2*l**2 + 8*l + 10. Is r(-7) prime?
True
Let f(d) = d + 1. Suppose 12 = k + 2*q, k + 5*q = -3*k + 33. Let m be f(k). Suppose 0 = m*i + i - 60. Is i a composite number?
True
Let f(k) = k**2 - 4. Let c be f(-3). Suppose c + 4 = 3*o. Suppose -n + 37 = o*t, -2*n - 3*t + 62 = -0*n. Is n prime?
False
Suppose -4*s = -0*s - 2492. Is s a composite number?
True
Let n = 5 + -5. Suppose 2*a + a - 237 = n. Is a composite?
False
Suppose -3*c - 9 = 6, 4*c = 3*a - 38. Suppose a*j = 3*j + 1005. Is j a prime number?
False
Let m be (8/(-3) + 0)*9. Let t be (-2 + -3)*m/15. Suppose -2 = f - t. Is f a composite number?
True
Suppose -r = 4*x - 2413, -2869 = 5*r + x - 14839. Is r a prime number?
True
Let z = 4577 + -2628. Is z a prime number?
True
Is (-211 - 0)/((-3)/3) a prime number?
True
Let x be (-10)/2*(-2)/2. Let r(u) = u**3 - 3*u**2 - 7*u - 1. Let p be r(x). Suppose b = 2*b - 2, 3*f + 4*b - p = 0. Is f a prime number?
True
Suppose -b + 0*b - 3*n = -163, -3*n - 501 = -3*b. Let u = b + 12. Is u a prime number?
False
Let t(u) = -u - 9. Let h be t(7). Let b = h - -10. Is (b/(-2))/(2/22) prime?
False
Suppose 2*q = i + 8, -2*q - i + 4 = 2*q. Let l be (-12)/(-7) + q/7. Is l/5 - 692/(-20) a prime number?
False
Suppose 4*q = -4*w + 20, 2*q = -3*w - w + 16. Let p = q + 3. Suppose -p*r - 2*a = -3 - 47, 3*a = r - 10. Is r a composite number?
True
Suppose -2*z - z = 12, 0 = -3*t + z + 13. Is 21/9 + 2/t a composite number?
False
Suppose -x + 0*x + 1 = 0. Suppose -13 = -2*y + x. Is y a prime number?
True
Is 2 + 0 - (-4 - 1247) prime?
False
Suppose -3*o + 2643 = 282. Is o composite?
False
Let a = 831 + -314. Is a a composite number?
True
Let h(x) = -x**3 - 5*x**2 - 2*x - 6. Let i be h(-6). Let v = i + -121. Is v*1*2/(-2) prime?
True
Let p = -6 + 10. Suppose p*f - 132 = 88. Is f prime?
False
Suppose -q + 45 = 4*q + 5*u, 5*u = 2*q + 17. Suppose -r = q*a - 381, 5*r + 434 - 59 = 4*a. Is a prime?
False
Let y(m) = -63*m - 26. Is y(-9) composite?
False
Suppose 3 = 4*l - 9. Let v be (1/l)/(1/15). Suppose 37 = 6*q - 3*q + v*m, -5*q + 103 = -2*m. Is q composite?
False
Let g(t) = -7*t**2 + 5*t - 7. Let l be g(5). Let z = l + 240. Suppose -3*r + z = -2*r. Is r composite?
False
Suppose 0 = -2*m + 2*j + 2, m = -2*m - 5*j - 21. Let u be (-2)/m - 4/4. Suppose 4*y + 0*y - 628 = u. Is y a composite number?
False
Let m(s) = 243*s**3 - 7*s**2 - 13*s + 11. Let c(t) = -121*t**3 + 4*t**2 + 7*t - 6. Let l(u) = 5*c(u) + 3*m(u). Is l(2) composite?
False
Let n = 3 - 7. Is 2 + n/1*-2 a prime number?
False
Suppose -3*l - 39044 = -6164. Let p be l/22 - (-2)/11. Is (-3)/9 - p/9 a prime number?
False
Suppose -4*z + 0*z - 1308 = -4*r, -4*z = -3*r + 977. Is r composite?
False
Let d be (3 - (3 + -1)) + 2. Is (d + 6)*14 - -1 prime?
True
Suppose -5*o + 15 + 10 = 0. Let x(z) = 7*z**2 - z**3 + 5*z + 5 - z**2 + 0*z**2. Is x(o) a composite number?
True
Let b(j) = j**3 + 10*j**2 + 8*j - 2. Let f = -52 + 34. Let z = -25 - f. Is b(z) composite?
False
Let k be 0 - (-6)/(-3) - 2. Let w(p) be the first derivative of 2*p**3/3 + p**2/2 + 5*p - 1. Is w(k) composite?
True
Let z be (12/8 - -3)*2. Let r(m) = -m**3 + 12*m**2 + 12*m + 2. Is r(z) a composite number?
False
Let z(q) be the first derivative of 3/4*q**4 + 1/3*q**3 + 0*q + 0*q**2 - 1. Is z(1) prime?
False
Suppose 4*m = t, -3*m - 10 = 5*t - 33. Let p = t - 4. Suppose -b - 2*b + 30 = p. Is b a composite number?
True
Suppose -5*m + 66 = a - 3*a, -5*m + 3*a = -64. Suppose -19 = -4*w - 3*r, -w - 3*w = -2*r - m. Is 1*21*w/6 a prime number?
False
Let c(f) = -f**3 + 4*f + 3. Let d(q) = -q + 4. Let x be d(6). Let a be c(x). Suppose m - 12 = a*z + 64, 0 = 2*m + 3*z - 125. Is m prime?
True
Let b(k) = -185*k. Let p = 26 - 27. Is b(p) a prime number?
False
Let v(a) = -a**3 - 10*a**2 + 10*a + 6. Let z be v(-11). Suppose -7 = i - z. Is i a prime number?
False
Suppose -2*d + 0*z = -3*z - 12, -5*z - 20 = 5*d. Is (-79)/(-1*(d + 1)) composite?
False
Suppose n - r = 58, -3*n + 0*r + 170 = -r. Suppose 0 = 2*h + s - 10, -5*h = -5*s - n + 1. Is h a prime number?
True
Let q be -14 - (-2 - 0)*1. Is ((-4)/q)/(1/1095) composite?
True
Suppose l - 5195 = -4*l. Is l prime?
True
Is (-2852)/(-4) - (-3 - 1) prime?
False
Suppose 0 = 3*g + 7 + 8, 3*m + 2818 = -2*g. Let i = 86 - m. Suppose -4*b - 218 = -i. Is b prime?
False
Let p = 1970 - 529. Is p a prime number?
False
Suppose -3*u = 4*y + 2 - 5, -3*u - 3 = 2*y. Suppose n - b - 80 = -6*b, 185 = y*n + 4*b. Is n a prime number?
False
Let q = 74 + -55. Is q a prime number?
True
Let z(k) = -5*k + 2. Let p be z(-2). Is 260/p + 2/6 composite?
True
Is ((-4)/4)/(5/(-1295)) a prime number?
False
Let z = 486 - 323. Is z a prime number?
True
Let o(g) = -34*g + 19. Is o(-18) a composite number?
False
Is (1 + 21)*(-399)/(-42) composite?
True
Suppose -577 = -3*u - 2*d, -u - 2*u + 575 = d. Is u a prime number?
True
Let r be (-27)/6*(-4)/6. Suppose r*q = 66 + 135. Is q composite?
False
Is (-1 + 0)*(-2 - -3)*-163 composite?
False
Let m = -2820 + 4291. Is m composite?
False
Let d(i) be the third derivative of -i**6/120 + i**5/15 + i**4/6 + i**3 + i**2. Let x be d(5). Is ((-2)/4)/(x/(-38)) a composite number?
False
Is 7/(7/(-879))*-1 composite?
True
Let y = 20 - 16. Suppose y*a + 0*a = 372. Is a a prime number?
False
Let t = 257 - -26. Suppose j - t = -4*x - 2*j, -315 = -5*x + 4*j. Is x prime?
True
Let n = 13 + -10. Suppose -2*f = n*f + 15, j = -5*f + 114. Is j a prime number?
False
Let z(v) = -v**3 + 4*v**2 - 2*v. Let m be z(3). Is (2/4)/(m/78) prime?
True
Let f = 5 - 1. Suppose 0 = -f*t + 2*t + 154. Is t prime?
False
Suppose 8 = -4*l - 20. Let s(r) be the second derivative of r**4/6 + 5*r**3/3 + 3*r**2/2 - 5*r. Is s(l) prime?
True
Suppose -9 = 4*h - 1. Let j = h - -8. Is j a composite number?
True
Suppose 2*j = -3*v + 15, 3*v + j = -2*j + 18. Let s = 5 - v. Is (13/2)/(s/12) a composite number?
True
Is ((-257)/4)/((-1)/4) prime?
True
Suppose -5*n - 211 = -x, -2*n = -0*n + 8. Is x prime?
True
Let x be (-1)/(3/(-9)*3). Let f = 4 - 6. Is ((-3)/f)/(x/26) a prime number?
False
Suppose 1 - 9 = -2*s. Let b(t) = -t**3 + 4*t**2 + 5*t + 1. Is b(s) a prime number?
False
Is 4/14 + (-3372)/(-7) prime?
False
Suppose t - 664 = -5*l, 396 = 4*l - l + 3*t. Is l a prime number?
False
Let w(g) = 4*g - 2. Let r be w(2). Suppose -d + 4*d + r = 0. Is (-67)/d - 12/(-8) a prime number?
False
Let h(z) = -z**3 + 8*z**2 - 3*z - 9. Suppose 4*l = -4*r, 5*r + 2 = -3*l + 6. Suppose 2*p - 9 - 4 = -3*i, -r*p = 2*i - 6. Is h(i) composite?
False
Suppose 3